ime factors of t.
2, 7
Suppose -24*v + 53020 = 20*v. What are the prime factors of v?
5, 241
What are the prime factors of -70*((-2)/13 - 1305/390)?
5, 7
Let n(v) = 80*v - 2. Let x(h) = 27*h - 1. Let i(w) = 2*n(w) - 7*x(w). Let g be i(-2). Suppose -3*a + g - 7 = 0. List the prime factors of a.
2, 3
Let v = 1008 - -741. What are the prime factors of v?
3, 11, 53
Let m(u) = -12*u**2 - 13*u + 30. Let j(z) = -49*z**2 - 53*z + 121. Let n(f) = 2*j(f) - 9*m(f). List the prime factors of n(4).
2, 11
What are the prime factors of 31/(-124) - (-3 - 18915/12)?
1579
Let b(z) = 57*z - 573. What are the prime factors of b(13)?
2, 3, 7
Suppose -2*x + 4048 = 2*c, -3*c - 59*x + 55*x = -6069. List the prime factors of c.
2027
List the prime factors of 1363/15 - 8/(-60).
7, 13
Suppose -229 = -5*c + q, 0*q + q + 91 = 2*c. Let r = c + -26. Suppose -2*x + r = u, 5*x = 3*u - 0*u - 93. List the prime factors of u.
2, 13
Let n(q) = 17*q + 2. Let w(u) = 1003*u + 119. Let z(d) = 119*n(d) - 2*w(d). Let a be (8/(-6))/((-84)/(-36) + -3). What are the prime factors of z(a)?
2, 17
Suppose -185*j = -184*j - 533. What are the prime factors of j?
13, 41
List the prime factors of (((-2346)/(-8))/(-17))/((-12)/64).
2, 23
What are the prime factors of (11 - (387 + -11))*9/(-5)?
3, 73
Let l = -2305 - -3892. List the prime factors of l.
3, 23
Let w be (11/(55/6))/((-2)/(-50)). Suppose 0*x - 76 = -4*x. Let h = w - x. What are the prime factors of h?
11
Let h be (-2)/14 - 6297/21 - 4. List the prime factors of (8/(-12))/(-2 - h/156).
13
Let y(x) = x**3 + 10*x**2 + 10*x + 7. Let r be y(-9). What are the prime factors of (-2)/r - (-22)/(-1 + 2)?
23
Let t be (-2 + 2)/(-4 + 5). Suppose 5*g + 172 - 487 = t. What are the prime factors of g?
3, 7
Let s(n) = n**3 + 8*n**2 + 3*n - 2. Let z be (10/(-4))/(4/(-16)). Let h be z/(-20)*(0 + 14). What are the prime factors of s(h)?
2, 13
Let x = 16 - 15. List the prime factors of 84/168*((118 - x) + -1).
2, 29
Let s(v) = -v**2 + 23*v + 846. List the prime factors of s(0).
2, 3, 47
Let k = -268 - -184. Let b = k - -140. Let g = 101 - b. What are the prime factors of g?
3, 5
Let h = 468 + 654. What are the prime factors of h?
2, 3, 11, 17
Suppose 0 = 11*k + k - 816. List the prime factors of k.
2, 17
Let a = 11 - 8. Suppose 0 = 2*x - a*x + 160. Suppose 18*r = 14*r + x. What are the prime factors of r?
2, 5
Let k(q) = -q**3 + 6*q**2 - 4*q + 2. Let j be k(5). Suppose -3*r + 5 = -j. Suppose r*x = 14 + 14. What are the prime factors of x?
7
Let s(o) = -9*o - 34. Let n be s(-4). List the prime factors of 35/(1/n*6/9).
3, 5, 7
Let j(l) = -l**2 - 7*l + 11. Let k be j(-8). Let h be (-3)/(k/(-11)) - 2. Suppose g + 4*v = h, -3*v + v + 106 = 4*g. What are the prime factors of g?
29
Let c(q) be the third derivative of 5*q**4/24 - q**3/3 + 3*q**2. What are the prime factors of c(4)?
2, 3
Suppose 33*m = 32*m + 4*v + 1253, -4*m + 5030 = 2*v. What are the prime factors of m?
3, 419
Let x be 0 + 7 + -1 + -2. Suppose 8 = x*c - 8*c. What are the prime factors of 1/((-1)/22*c)?
11
List the prime factors of (-1 - (-5)/2)*(45 - -89).
3, 67
Let y(t) = 7*t - 5. Suppose -65 = -5*m - 5*f, -4*m + 22 = -6*f + 4*f. What are the prime factors of y(m)?
3, 17
Suppose -4*n + 1247 = d, -4*n - 4 = -3*n. What are the prime factors of d?
3, 421
Let s(a) = 17*a**3 - 6*a**2 - a + 19. What are the prime factors of s(3)?
421
List the prime factors of 62/(-5*(-2)/205).
31, 41
Let j(p) = -p**3 - 11*p**2 + 13*p + 8. Let h be j(-12). Let v(b) = -b**3 - 3*b**2 + b + 1. Let i be v(h). Let q = i + -11. What are the prime factors of q?
2
Suppose f - 689 = -5*p, p = f + 2*f - 1987. List the prime factors of f.
2, 83
Let l(v) = v + 6. Let x be l(-8). Let r be x/(-7) + (-12)/42. Let j(y) = y**2 - y + 26. What are the prime factors of j(r)?
2, 13
Let z(x) = 15 + 450*x**3 + 3 - 6*x**2 - 6*x - 449*x**3. What are the prime factors of z(8)?
2, 7
Let c = 52 + -47. Suppose 3*o = -c*o + 192. What are the prime factors of o?
2, 3
Let z(d) = 2*d**3 - 43*d**2 + 270*d + 3. List the prime factors of z(9).
2, 3, 17
Let p(c) = -c + 9. Let a be p(7). Let f be a/10 - 716/(-20). Suppose 2*o = 5*o - f. List the prime factors of o.
2, 3
Suppose -u + 256 + 46 = 0. List the prime factors of u.
2, 151
Let r = 449 + 3. List the prime factors of r.
2, 113
Suppose -4*p - 121 = -1673. List the prime factors of p.
2, 97
Let m(t) be the first derivative of t**4/4 - 2*t**3 + 2*t**2 + 12*t - 8. Let k be m(5). Suppose 0 = w - v - 19, -5 = -3*v + k. What are the prime factors of w?
23
Suppose 1270 = 5*g - 5*d, -5*g - d - 2*d = -1230. Suppose 0*k = -3*k + g. List the prime factors of k.
83
Suppose 72 = -3*p + 3*v, -12 = -4*p - 2*v - 78. Let i = p - -52. List the prime factors of i.
3, 11
Let m be 4*(-5 - (-235)/20). Let r be 2 - 2/2 - -1. List the prime factors of m - (r/(-2) - 0).
2, 7
Suppose 20*s = 2956 + 27884. List the prime factors of s.
2, 3, 257
Let x = 11 - 9. Suppose 0 = 5*r - f - 20, -2*f - x*f = 3*r + 11. Suppose -2*l + r*l + 2 = -5*a, 3 = l + 4*a. What are the prime factors of l?
23
Let w = 337 + 569. What are the prime factors of w?
2, 3, 151
Let j = -349 - -483. What are the prime factors of j?
2, 67
Let x(g) = -3*g**2 + 2*g - 1. Let h(j) = -3*j**2 + j. Let q(z) = -3*h(z) + 2*x(z). What are the prime factors of q(4)?
2, 5
Let r = -10 + 13. Suppose -4*d - r = -19. List the prime factors of d.
2
Let y(s) = -s**3 - 15*s**2 - 16*s - 21. Let p be y(-14). Let x = p - -38. Suppose -x = -m - 5. List the prime factors of m.
2, 5
Suppose n = 4*s - 243 - 623, 4*s - 868 = 2*n. What are the prime factors of s?
2, 3
Let v be (72/30)/((-2)/(-5)). Suppose 0 = -10*p + v*p - 24. List the prime factors of (6/(-4))/(p/88).
2, 11
Suppose 0 = 2*p + p - 36. Let b be 1 + 2 + -5 + p. What are the prime factors of (-17 + b)/(2/(-4))?
2, 7
List the prime factors of -3 + 675 + (3 - 2).
673
List the prime factors of (-7)/(2 + -16)*1286.
643
Let b(j) = -j + 11. Let f(w) = 4*w**2 - 7*w - 5. Let d(l) = 7*l**2 - 15*l - 11. Let r(y) = -3*d(y) + 5*f(y). Let u be r(10). What are the prime factors of b(u)?
3
Suppose 4*b + 3*v + 11 = 0, 5*b = -0*b - 2*v - 5. What are the prime factors of -2 - 1*(-318)/(4 - b)?
2, 13
Let j(u) = 3*u**2 + 11*u + 134. What are the prime factors of j(19)?
2, 23, 31
Let d(l) be the third derivative of -l**5/60 + 19*l**4/24 - 7*l**3/6 - 11*l**2. List the prime factors of d(9).
83
Suppose -44459 = -41*a + 27455. What are the prime factors of a?
2, 877
Let z(a) = -a**3 - 6*a**2 - 11*a - 30. List the prime factors of z(-8).
2, 3, 31
Let o(b) = -b**2 - 10*b - 12. Let p be o(-8). Let a be (p/6)/((-8)/(-96)). Suppose 6 = 2*w, 4*w - 24 = -2*f + a*w. What are the prime factors of f?
2, 3
Let u(k) = 10*k**2 + k + 1. Suppose -2*i - 4*h - 4 = 0, -3*i + 5*h = -4*i - 5. Let g be 5/(-10)*(4 - i). List the prime factors of u(g).
3, 13
Suppose 2*b = 95 + 2257. List the prime factors of b.
2, 3, 7
Let a = 9 + -11. Let f be -1*(-12 + a) + 2. Let r = f + -4. List the prime factors of r.
2, 3
Suppose -8*t + 3*t = 5. Let b be (12/66 - (-90)/(-11))/(-2). Let g = b - t. What are the prime factors of g?
5
Let b = 356 + -169. List the prime factors of b.
11, 17
Let n(g) = g**2 + 10*g + 31. What are the prime factors of n(-26)?
3, 149
Suppose -3*l - 21 = 4*k - 141, -l = 0. Let p = -28 + k. Suppose t + 9 = -p*t, -86 = -2*x + 4*t. What are the prime factors of x?
37
Suppose 8*l - 1774 = -w + 9*l, w + 2*l - 1780 = 0. What are the prime factors of w?
2, 3, 37
Suppose s + 15 = 4*s. Suppose -80 = s*l - 9*l. List the prime factors of ((-188)/(-10))/(8/l).
47
What are the prime factors of (-6)/9 + (-11 - 42060/(-18))?
3, 5, 31
Let q(n) = -52*n - 22. What are the prime factors of q(-3)?
2, 67
Let t = 1109 - -567. List the prime factors of t.
2, 419
Suppose -4*g + 637 = j + g, -2*j + 1292 = 4*g. List the prime factors of j.
2, 163
Let r = 213 + 1172. What are the prime factors of r?
5, 277
Suppose -2*f + 228 = -2*k, 3*f + 3*k - 441 = -75. Suppose 4*z = 106 + f. List the prime factors of z.
2, 7
Let j be (-8)/(3 + 0 + -2). Let y be (-2)/1 - (j - -4). Suppose 2*g = -y*g + 44. List the prime factors of g.
11
Suppose 0*k = 2*k + 12. List the prime factors of ((-66)/k)/(2/14).
7, 11
Suppose 5*i = 5*u + 685, 0 = i - 9*u + 12*u - 121. List the prime factors of i.
7, 19
